derivative of 0 + 2*n**2 - 1/60*n**5 - n**3 + 5/24*n**h + 0*n. Give w(4).
-2
Let w(n) = 4 + n**2 - 6*n + 3*n - 7. Let q = 8 - 4. Determine w(q).
1
Let z(c) be the first derivative of -c**4/4 + 4*c**3/3 - c**2/2 - 2*c + 1. Suppose -6*w = -3*w + 21. Let i = w + 11. Give z(i).
-6
Let t(z) = 2*z**2 + 5*z. Let n be t(-4). Let p be (n/(-16))/(1/(-8)). Let i(s) = -s + 5. Give i(p).
-1
Let q(p) = p**3 + p**2 + p. Let n(s) = 4*s - 3*s**3 - 4 + 4*s**2 - s**2 - 2*s. Let c(v) = n(v) + 4*q(v). Determine c(-6).
-4
Let i(t) = -t**3 - 3*t**2. Let c = 7 + -3. Suppose -4 = -c*j - 16. Let l = j + 0. Calculate i(l).
0
Let j(c) be the second derivative of -c**4/2 + c**2/2 + 3*c. Calculate j(1).
-5
Suppose -5*m - 1 = -16. Let r be (m - 11/4)*4. Let a(l) = 7*l - 1. Calculate a(r).
6
Let l = -16 - -17. Let g(u) = 4*u**3 - 2*u**2 + u. Determine g(l).
3
Let m(a) = -a**2 + 8*a - 2. Let w = -58 - -66. What is m(w)?
-2
Let t(y) be the second derivative of y**3/6 - y**2/2 + 5*y. What is t(6)?
5
Let b = 23/4 + -61/12. Let k(u) be the second derivative of 1/12*u**4 + b*u**3 - 7/2*u**2 + 3*u + 0. Calculate k(-5).
-2
Let u(c) = -c + 2. Suppose -3*w = w. Suppose j + 9 = -4*z, w = j - 0*j - 3*z - 12. Let h(s) = -s**2 + 4*s - 1. Let t be h(j). Give u(t).
0
Let u(n) = -n + 2. Suppose -4*b + 25 = b. Let q = 1 - b. Determine u(q).
6
Let n(t) = t**2 - t - 2. Let h(m) = -3*m - 2. Let p be h(-2). Let j = 4 - p. Give n(j).
-2
Suppose 0 = -2*h + 3*u - 25, 7*h - 4*h + 3*u = 0. Let k(x) be the first derivative of -1 - 2*x - 1/2*x**2. What is k(h)?
3
Let n(k) = k**2 - k - 1. Let u(w) = -w**2 + 3*w + 3. Suppose 0 = -f - 5*q + 13, -2*q - 5 = -3*f - 0*q. Let p be u(f). Suppose p*t + 14 - 5 = 0. Give n(t).
11
Let t = -106 + 100. Let s(r) be the second derivative of r**5/20 + r**4/2 + r**3/3 + 4*r**2 + 2*r. Calculate s(t).
-4
Let j be 6*3/(-18)*-4. Let p(s) = -s**2 - 3*s + 2. Let u be p(-3). Let h(d) = -d**u + 2 + 2*d + 4*d - 4*d. What is h(j)?
-6
Let r(q) = q**2 - 7*q - 12. Let o be r(9). Let i(j) be the third derivative of -1/4*j**4 + 1/6*j**3 - 2*j**2 + 1/60*j**5 + 0*j + 0. Determine i(o).
1
Let i(z) be the third derivative of z**5/60 - 5*z**4/24 + z**3/6 + z**2. Suppose -16*k = -20*k + 24. What is i(k)?
7
Let f(s) = s**2 + 7*s + 5. Suppose 1 = 4*w + 5*j, -2*w - 17 = -0*j - j. Determine f(w).
-1
Suppose j = 4*j - 15. Let g(n) = -2*n + 7. What is g(j)?
-3
Let p(u) = -u**2 + 7. Suppose -7*q + 4*q = 0. Determine p(q).
7
Let p(c) = 2*c + 3. Let s(d) = d - 1. Let w(g) = -p(g) - 6*s(g). What is w(-3)?
27
Let l(h) = 5*h + 3*h**2 + 0*h - 4*h**2 + 2. Let a be l(5). Let u(y) = -a*y**2 + y**3 + 1 + 0*y**3 + y**2. Determine u(-1).
-1
Let v(p) be the second derivative of p**6/120 - p**5/20 - p**4/8 + p**2/2 - 2*p. Let s(k) be the first derivative of v(k). Let o = 31 - 27. Calculate s(o).
4
Let f = -7 - -12. Let s(j) = -3*j - 2*j**2 + 2 + 17*j + 0*j - 7*j. What is s(f)?
-13
Let f(n) be the second derivative of n**6/120 - n**5/10 + 5*n**4/24 - 2*n**3/3 + n**2 + 9*n. Let p(a) be the first derivative of f(a). Calculate p(5).
-4
Let v = 135 - 129. Let x(q) = 3*q - 7. Give x(v).
11
Let w = 3 + -5. Let z(h) = h**3. Give z(w).
-8
Suppose -4*r = -3*q - 2*r, 3*r - 11 = -q. Let m(d) = 0*d**2 - d - q*d**2 + 3*d**2. Determine m(1).
0
Let k(x) = 4*x - 6 + 1 - 2 + x**2. Give k(-6).
5
Let q be ((-3)/(-15) - 1)*-5. Let n(o) = -4*o - o + q*o - 6*o. What is n(-1)?
7
Let m(r) = r**3 + 6*r**2 + 3*r - 3. Suppose -x = -6*x + 15. Let j be (-1)/x - 56/12. What is m(j)?
7
Let q = -5 + 8. Let f(g) = g - 6 - g**2 + 18 - 8 + 0*g. What is f(q)?
-2
Let q(w) = -6*w**2 + 2*w - 1. Suppose 2*p - 5*u + 13 = 0, 0 = -0*p - 4*p - 2*u + 10. Let g be q(p). Let v(n) = -n**2 - 6*n - 4. Calculate v(g).
1
Let k be 10/5*(-2)/(-2). Let d(q) = -3*q**2 + 3*q**k - 3 - q**2. Let u be (-6 + 6)*2/2. Determine d(u).
-3
Let j(q) be the second derivative of q**3/6 + q**2/2 - q. Suppose 3*f - 6*f + 9 = 0. Suppose -u = -v + 2*u + 3, -f*v + 4*u + 4 = 0. Calculate j(v).
1
Let l be (-36)/(-28) + (-4)/14. Let i(h) = 12*h**3 - h**2 + h. Let j be i(l). Let y be (-15)/18 + (-2)/j. Let f(d) = -8*d**2. What is f(y)?
-8
Let n(x) be the first derivative of x**2/2 + 16*x - 39. Give n(-8).
8
Let p(s) = s + 3. Let m be 11/(-4) + 3 + 25/(-4). Give p(m).
-3
Let g(v) be the first derivative of 1/3*v**3 - 3*v - 1/4*v**4 + 3/2*v**2 + 2. Determine g(2).
-1
Let m(v) be the third derivative of -v**6/60 + v**5/30 + v**4/24 + 8*v**2. Suppose -n - 3 = -4. Suppose 3 = y + n. What is m(y)?
-6
Let d(k) be the first derivative of -1/24*k**4 - 2 + 0*k + 7/6*k**3 - 3/2*k**2. Let p(s) be the second derivative of d(s). What is p(6)?
1
Let a(m) be the second derivative of -m**4/12 - m**3/2 + 2*m**2 + 3*m. Determine a(-5).
-6
Let h be (-4)/(16/(-10))*2. Let u(t) = t**3 - 6*t**2 + 5*t. What is u(h)?
0
Let l(x) = -x**2 + 7*x**3 + 9*x**3 - 4*x - 19*x**3 + 4*x**3 - 1. Let u(d) = 2*d - 5. Let o be u(4). Determine l(o).
5
Let y(n) be the first derivative of n**4/4 + 2*n**3/3 - 2*n**2 + 3*n + 1. What is y(2)?
11
Let s = 1 + 1. Let g(n) be the third derivative of -1/30*n**5 + 0*n**3 + 1/60*n**6 + 0*n - 1/12*n**4 + 2*n**2 + 0. Give g(s).
4
Let u(x) = -x - 3. Let w be u(-2). Let g(q) = 1 + 4 - 4 - q - 4*q. Determine g(w).
6
Let s(q) be the third derivative of q**6/60 - q**5/60 + q**4/24 + q**3/6 + 5*q**2. Determine s(-1).
-3
Let s(g) be the second derivative of g**3/6 - 5*g**2/2 + g. Let i = -10 - -4. Let l = 6 + i. Calculate s(l).
-5
Let h(d) = 11*d**2 + 12*d - 23. Let u(p) be the third derivative of p**5/12 + p**4/4 - 11*p**3/6 - 3*p**2. Let a(y) = 6*h(y) - 13*u(y). Give a(4).
-3
Let u be 86/14 - (-1)/(-7). Suppose b - u = -5. Let i(v) = 5*v - 1. Let d(q) = -11*q + 2. Let n(j) = 4*d(j) + 7*i(j). Give n(b).
-8
Let q(i) = i**2 + 4*i + 2. Suppose 5*u + 15 - 5 = 0. What is q(u)?
-2
Let m(c) be the second derivative of -c**3/6 - 2*c**2 - 19*c. Give m(-9).
5
Let u(t) = -2 + 6*t + 0*t + t**2 + 4. Suppose -15 = 4*c - 9*c. Suppose 0*q = q + c. Calculate u(q).
-7
Let t(m) = 4*m - 2. Let v(w) = 7*w - 3. Let b(o) = -5*t(o) + 3*v(o). Let p = 0 - -6. Give b(p).
7
Let g(s) be the second derivative of -17*s**4/12 - s**3/6 + s**2/2 + 7*s. Give g(1).
-17
Let r = -5 + 6. Suppose -3*t = -11 - r. Let x be (-2)/t*-6 - -1. Let y(s) = s**3 - 4*s**2 + s - 5. Calculate y(x).
-1
Let w(t) = -t**3 - 5*t**2 - t + 7. Suppose 5*z = 11 - 36. What is w(z)?
12
Suppose -16 = -5*n - 2*o, 3*n + 3*o = o + 12. Let v(m) = -3*m + 2. Give v(n).
-4
Suppose 2*g - 20 + 5 = -5*y, 4*y - 4 = 0. Suppose 7 = g*t + 2*a, -2*a - a + 3 = 0. Let u(q) = -t - 3*q + 5 + 4*q. Determine u(0).
4
Let z(u) be the third derivative of 2/3*u**3 + 1/24*u**4 + 3*u**2 + 0*u + 0. Let v be z(-5). Let c(w) = 7*w**2. Calculate c(v).
7
Let x(m) = -4*m. Suppose -2*s - 2*w + 14 = -6, 0 = -3*w. Let d be 15*1*4/s. Let g = -5 + d. What is x(g)?
-4
Let m(t) be the second derivative of -t**3/6 + 3*t**2 - 2*t + 3. What is m(-6)?
12
Let l(f) = f**3 - 4*f**2 - 6*f - 2. Let n be 7/(-4) - (-7)/(-28). Let g(i) = 2*i**2 + 2*i + 1. Let m be g(n). What is l(m)?
-7
Let g(d) be the first derivative of -d**5/20 + d**4/2 - d**3/6 + 5*d**2/2 + 2*d - 4. Let h(a) be the first derivative of g(a). Give h(6).
-1
Let r(y) = y**3 - 10. Suppose 2*g - 7 = 5*j, 3*g + 2*j - 12 = 8. Suppose 5*d + 25 = -5*n, d + 5*n - g = -31. What is r(d)?
-10
Let h(a) be the first derivative of a**6/120 - a**5/10 + a**4/8 + 2*a**3/3 - 3*a**2 + 4. Let l(k) be the second derivative of h(k). Calculate l(3).
-14
Suppose 5*h - 25 = -0*h. Let u(v) = h - 1 - 2 - 2*v + v**2 + v**2. Give u(2).
6
Let r(t) = -3*t - 3. Let z(d) be the second derivative of -d**2/2 - 7*d. Let u(v) = -r(v) + 3*z(v). Give u(2).
6
Let t(v) be the second derivative of -1/6*v**3 + 0 + v**2 + 1/6*v**4 + 1/20*v**5 + 3*v. Determine t(-3).
-4
Let v(s) = s - 6. Let p be v(0). Let x(y) = 11 - 2 + 0 + 2*y. Give x(p).
-3
Let l(h) = -h**3 - 7*h**2 - h - 5. Let x(v) = 9*v - 70. Let a be x(7). What is l(a)?
2
Let v(o) = -o - 8. Let n(c) = -c**2 - 7*c + 12. Let r be n(-9). Calculate v(r).
-2
Let v be 1/(10/(-16))*20/4. Let i(c) = c**2 + 8*c - 7. What is i(v)?
-7
Let i = 19 - 26. Let c(j) = 2*j**2 + 12*j - 23. Let t(w) = -w**2 - 6*w + 12. Let p(n) = 3*c(n) + 5*t(n). Determine p(i).
-2
Let a(w) = 2 + 3 - 2*w - 1 - w. Determine a(5).
-11
Let y(k) = 6*k**3 + 11*k**2 - 5*k